mber?
True
Is 118967 prime?
True
Is 5903 composite?
False
Is 25657 a composite number?
False
Is 263 prime?
True
Is 108131 a composite number?
False
Is 59089 a prime number?
False
Is 158291 a prime number?
False
Is 5755 prime?
False
Is 473614 a composite number?
True
Is 15013 composite?
False
Is 15557 a prime number?
False
Is 32203 a composite number?
False
Is 1323689 prime?
True
Is 21479 a composite number?
True
Is 15557 a prime number?
False
Is 23554 prime?
False
Is 50363 composite?
False
Is 86369 prime?
True
Is 794953 a prime number?
True
Is 321751 composite?
False
Is 18591 prime?
False
Is 7234 composite?
True
Is 148919 a composite number?
True
Is 1372867 a prime number?
True
Is 38381 a composite number?
True
Is 13263 a composite number?
True
Is 23731 a prime number?
False
Is 247045 composite?
True
Is 91909 prime?
True
Is 75151 prime?
False
Is 49331 prime?
True
Is 198097 composite?
False
Is 6113 composite?
False
Is 229373 a composite number?
False
Is 19607 composite?
True
Is 500567 prime?
True
Is 1691587 a composite number?
True
Is 363059 a prime number?
True
Is 21923 a composite number?
True
Is 42157 prime?
True
Is 59545 composite?
True
Is 13495 a composite number?
True
Is 5557 a prime number?
True
Is 8461 prime?
True
Is 433963 a prime number?
True
Is 5277 a composite number?
True
Is 167801 prime?
True
Is 1594 a composite number?
True
Is 25741 a prime number?
True
Is 22535 composite?
True
Is 12929 prime?
False
Is 7451 composite?
False
Is 2095 composite?
True
Is 60013 prime?
True
Is 2521235 composite?
True
Is 2860321 a prime number?
False
Is 9865 a composite number?
True
Is 511 prime?
False
Is 79481 composite?
False
Is 336283 composite?
True
Is 55291 a prime number?
True
Is 471023 composite?
True
Is 907 composite?
False
Is 4621 prime?
True
Is 7283 prime?
True
Is 92551 prime?
True
Is 22189 composite?
False
Is 653447 composite?
True
Is 596399 prime?
True
Is 6131 a prime number?
True
Is 14371 composite?
True
Is 851419 a composite number?
False
Is 271003 a composite number?
False
Is 48151 composite?
True
Is 68473 prime?
True
Is 14285 composite?
True
Is 9487 prime?
False
Is 219718 prime?
False
Is 15643 a composite number?
False
Is 3709 a prime number?
True
Is 28201 a prime number?
True
Is 13283 a prime number?
False
Is 537535 prime?
False
Is 8351 a prime number?
False
Is 687277 a composite number?
False
Is 5429 a composite number?
True
Is 121001 a composite number?
False
Is 185 composite?
True
Is 381 composite?
True
Is 845074 prime?
False
Is 9659 composite?
True
Is 5077 prime?
True
Is 27223 a prime number?
False
Is 791173 prime?
False
Is 2031983 a composite number?
False
Is 2359 prime?
False
Is 3802 composite?
True
Is 22531 prime?
True
Is 176413 a prime number?
True
Is 220357 a prime number?
True
Is 4871 prime?
True
Is 167407 a composite number?
False
Is 364093 a composite number?
True
Is 29297 prime?
True
Is 3389 prime?
True
Is 781887 composite?
True
Is 10447 a composite number?
True
Is 18727 composite?
True
Is 1914911 a composite number?
True
Is 21863 composite?
False
Is 30367 a prime number?
True
Is 152461 prime?
True
Is 3449 a prime number?
True
Is 985909 composite?
True
Is 10702 a prime number?
False
Is 226511 composite?
False
Is 176153 prime?
True
Is 23101 a prime number?
False
Is 1361 prime?
True
Is 17467 a composite number?
False
Is 40591 composite?
False
Is 31071 composite?
True
Is 9871 prime?
True
Is 669761 a composite number?
True
Is 8581 prime?
True
Is 4861 a prime number?
True
Is 2119 a composite number?
True
Is 670129 a prime number?
True
Is 7241 a composite number?
True
Is 792089 a prime number?
False
Is 334885 prime?
False
Is 547 a prime number?
True
Is 38635 prime?
False
Is 30565 a composite number?
True
Is 1711289 prime?
True
Is 116579 composite?
False
Is 96643 a prime number?
True
Is 5097 a prime number?
False
Is 25339 a prime number?
True
Is 18021 composite?
True
Is 1657 composite?
False
Is 328351 composite?
True
Is 1226531 prime?
True
Is 17707 a composite number?
False
Is 403543 prime?
False
Is 86971 a composite number?
True
Is 10487 prime?
True
Is 44351 composite?
False
Is 6121 a composite number?
False
Is 79 prime?
True
Is 178681 composite?
False
Is 949846 prime?
False
Is 13063 a composite number?
False
Is 20249 composite?
False
Is 16277 prime?
False
Is 115341 prime?
False
Is 221146 a prime number?
False
Is 271597 a composite number?
False
Is 68911 a composite number?
True
Is 413605 a composite number?
True
Is 6247 a prime number?
True
Is 18751 prime?
False
Is 576049 composite?
False
Is 45659 a composite number?
False
Is 2749 a composite number?
False
Is 9413 prime?
True
Is 80111 prime?
True
Is 859 composite?
False
Is 41429 prime?
False
Is 77893 composite?
False
Is 73433 a composite number?
False
Is 1009 a prime number?
True
Is 20245 a prime number?
False
Is 597811 a prime number?
False
Is 4535 a prime number?
False
Is 802279 a prime number?
True
Is 14101 prime?
False
Is 18897 composite?
True
Is 156899 composite?
False
Is 46171 a prime number?
True
Is 202021 composite?
False
Is 338627 a prime number?
False
Is 25679 a composite number?
False
Is 28261 prime?
False
Is 71633 a prime number?
True
Is 191 prime?
True
Is 364999 composite?
True
Is 632719 a prime number?
False
Is 4313 a composite number?
True
Is 217351 a composite number?
False
Is 1166639 a composite number?
False
Is 1388873 composite?
False
Is 18839 prime?
True
Is 3749 a composite number?
True
Is 5669 a prime number?
True
Is 108727 composite?
False
Is 49807 a prime number?
True
Is 2369 a prime number?
False
Is 360046 composite?
True
Is 28901 a prime number?
True
Is 730447 composite?
False
Is 15869 a composite number?
True
Is 72767 prime?
True
Is 246439 composite?
False
Is 887 composite?
False
Is 36347 prime?
False
Is 14401 composite?
False
Is 300109 composite?
False
Is 544223 prime?
True
Is 86209 a prime number?
True
Is 296237 a prime number?
True
Is 11863 a composite number?
False
Is 929027 prime?
False
Is 312451 a prime number?
True
Is 65489 prime?
False
Is 180331 a composite number?
False
Is 18295 prime?
False
Is 358859 prime?
True
Is 60709 prime?
False
Is 141 composite?
True
Is 6619 composite?
False
Is 27491 a composite number?
True
Is 65903 composite?
True
Is 14519 a composite number?
False
Is 106693 prime?
True
Is 1279571 prime?
False
Is 498647 a prime number?
True
Is 4783 composite?
False
Is 18041 prime?
True
Is 53 prime?
True
Is 29239 a composite number?
True
Is 3173927 prime?
True
Is 1499 composite?
False
Is 8185 a prime number?
False
Is 26813 prime?
True
Is 79031 a prime number?
True
Is 58013 a composite number?
False
Is 189313 prime?
False
Is 11147 a prime number?
False
Is 10454 a composite number?
True
Is 45659 a composite number?
False
Is 11273 prime?
True
Is 194 a prime number?
False
Is 151531 prime?
True
Is 15685 a composite number?
True
Is 603077 composite?
False
Is 60883 a prime number?
False
Is 32203 a prime number?
True
Is 220641 a prime number?
False
Is 21587 a composite number?
False
Is 176123 prime?
True
Is 214177 prime?
True
Is 7867 composite?
False
Is 184355 a prime number?
False
Is 231017 a prime number?
True
Is 2521 a prime number?
True
Is 27947 a prime number?
True
Is 3247 a prime number?
False
Is 17769 a prime number?
False
Is 48293 a composite number?
True
Is 8623 a composite number?
False
Is 11219 prime?
False
Is 42838 composite?
True
Is 25229 a prime number?
True
Is 4139 composite?
False
Is 1091777 a composite number?
False
Is 54601 composite?
False
Is 152907 a composite number?
True
Is 3593 a prime number?
True
Is 27941 prime?
True
Is 3761 a prime number?
True
Is 28733 composite?
True
Is 34063 composite?
True
Is 653933 a composite number?
True
Is 1069 a prime number?
True
Is 977773 prime?
False
Is 8501 a composite number?
False
Is 40739 a prime number?
True
Is 190331 a composite number?
False
Is 11402 prime?
False
Is 128311 composite?
False
Is 23957 a composite number?
False
Is 23801 a composite number?
False
Is 46259 a prime number?
False
Is 9866 prime?
False
Is 256981 prime?
True
Is 9293 prime?
True
Is 84377 a composite number?
False
Is 1935929 prime?
False
Is 15443 composite?
False
Is 8513 a prime number?
True
Is 31307 composite?
False
Is 298 a prime number?
False
Is 7179 composite?
True
Is 3739 composite?
False
Is 28018 a pri